{"id":1587,"date":"2026-04-22T10:53:24","date_gmt":"2026-04-22T10:53:24","guid":{"rendered":"https:\/\/wilksalinas.maylen.design\/?post_type=projects&#038;p=1587"},"modified":"2026-09-02T10:45:06","modified_gmt":"2026-09-02T10:45:06","slug":"g63-neu","status":"publish","type":"projects","link":"https:\/\/wilksalinas.maylen.design\/de\/projects\/g63-neu\/","title":{"rendered":"G63 NEU"},"content":{"rendered":"<p class=\"wp-block-paragraph\">G63 Neu: Neubau eines 7-geschossigen Wohn- und Gesch\u00e4ftshauses mit 16 Wohneinheiten plus Tiefgarage im Prenzlauer Berg. Das Geb\u00e4ude schlie\u00dft die ehemalige Baul\u00fccke zum Stra\u00dfenraum mit einer ortstypischen Lochfassade.  Durch die Verwendung von STB-Fertigteilen und einer erdgeschossigen Metallverkleidung, hebt sich diese in ihrer optischen Gestaltung deutlich vom baulichen Umfeld ab.<\/p>\n\n\n\n<p class=\"wp-block-paragraph\"><\/p>","protected":false},"excerpt":{"rendered":"<p>G63 Neu is a new, 7-story residential building with 16 flats and stores on the ground floor as well as a basement car park is situated at Prenzlauer Berg, Berlin. The main fa\u00e7ade is characterized by playful forms which are achieved by alternating the dimensions of the windows. The chosen material is white\u00a0 concrete without [&hellip;]<\/p>\n","protected":false},"featured_media":1963,"template":"","categorias":[24],"class_list":["post-1587","projects","type-projects","status-publish","has-post-thumbnail","hentry","categorias-residential"],"_links":{"self":[{"href":"https:\/\/wilksalinas.maylen.design\/de\/wp-json\/wp\/v2\/projects\/1587","targetHints":{"allow":["GET"]}}],"collection":[{"href":"https:\/\/wilksalinas.maylen.design\/de\/wp-json\/wp\/v2\/projects"}],"about":[{"href":"https:\/\/wilksalinas.maylen.design\/de\/wp-json\/wp\/v2\/types\/projects"}],"wp:featuredmedia":[{"embeddable":true,"href":"https:\/\/wilksalinas.maylen.design\/de\/wp-json\/wp\/v2\/media\/1963"}],"wp:attachment":[{"href":"https:\/\/wilksalinas.maylen.design\/de\/wp-json\/wp\/v2\/media?parent=1587"}],"wp:term":[{"taxonomy":"categorias","embeddable":true,"href":"https:\/\/wilksalinas.maylen.design\/de\/wp-json\/wp\/v2\/categorias?post=1587"}],"curies":[{"name":"wp","href":"https:\/\/api.w.org\/{rel}","templated":true}]}}

<p class="wp-block-paragraph">G63 Neu: Neubau eines 7-geschossigen Wohn- und Geschäftshauses mit 16 Wohneinheiten plus Tiefgarage im Prenzlauer Berg. Das Gebäude schließt die ehemalige Baulücke zum Straßenraum mit einer ortstypischen Lochfassade.  Durch die Verwendung von STB-Fertigteilen und einer erdgeschossigen Metallverkleidung, hebt sich diese in ihrer optischen Gestaltung deutlich vom baulichen Umfeld ab.</p>



<p class="wp-block-paragraph"></p>

<p>G63 Neu is a new, 7-story residential building with 16 flats and stores on the ground floor as well as a basement car park is situated at Prenzlauer Berg, Berlin. The main façade is characterized by playful forms which are achieved by alternating the dimensions of the windows. The chosen material is white  concrete without [&hellip;]</p>
